omposite number?
True
Is 19383141341 a composite number?
True
Is 53566556893 a composite number?
False
Is 992194417 a prime number?
False
Is 10903115947 composite?
False
Is 554512481 prime?
True
Is 22217390087 a composite number?
False
Is 26131098783 a composite number?
True
Is 597106231 a composite number?
True
Is 6651359717 a prime number?
True
Is 4964099017 prime?
True
Is 2618515633 a prime number?
False
Is 166727572883 prime?
False
Is 30768083129 composite?
True
Is 292203547 prime?
True
Is 1574409433 a prime number?
False
Is 574193447 composite?
False
Is 1401411773 prime?
True
Is 8234425057 composite?
True
Is 452145751 a prime number?
False
Is 10413628711 a prime number?
True
Is 1273598549 a prime number?
True
Is 636800041 prime?
False
Is 2328869027 prime?
True
Is 18182714281 composite?
False
Is 479928829 composite?
False
Is 63955218531 a composite number?
True
Is 2093535511 composite?
False
Is 124541407 prime?
False
Is 54062354237 a prime number?
False
Is 182664615203 prime?
False
Is 3346352983 a composite number?
False
Is 1711048973 composite?
True
Is 16643833253 a composite number?
False
Is 8940714187 a composite number?
False
Is 71930764219 a composite number?
False
Is 67428151885 composite?
True
Is 9032881153 a prime number?
False
Is 5956727603 a prime number?
False
Is 523949731 a prime number?
True
Is 186469573 a prime number?
True
Is 2598841678 prime?
False
Is 11790484877 prime?
False
Is 1928470919 prime?
True
Is 194120051 prime?
True
Is 1070942707 a composite number?
True
Is 125925557 a prime number?
True
Is 46588391 prime?
False
Is 2288670701 prime?
True
Is 43724515163 composite?
True
Is 49353231943 prime?
True
Is 37801607 composite?
True
Is 1143963907 composite?
False
Is 979436999 a prime number?
True
Is 2319080289 prime?
False
Is 2456174387 prime?
True
Is 456187177 a prime number?
True
Is 145626821 a composite number?
True
Is 3393553739 a composite number?
False
Is 7267913147 a composite number?
True
Is 13891720741 a composite number?
False
Is 35511191467 a prime number?
False
Is 538311911 a prime number?
True
Is 9194649649 composite?
True
Is 4440785017 a composite number?
False
Is 829652779 prime?
True
Is 13906191797 prime?
False
Is 1002501553 prime?
True
Is 4873159757 composite?
False
Is 2811694751 prime?
True
Is 6355103626 a composite number?
True
Is 2384393867 composite?
False
Is 3653574779 a prime number?
True
Is 26813812831 a composite number?
True
Is 253808777 a prime number?
False
Is 6422455835 prime?
False
Is 71082348383 composite?
False
Is 7726225643 a composite number?
True
Is 110140928279 prime?
False
Is 53025628709 a composite number?
True
Is 18406267 a composite number?
True
Is 22342228543 a prime number?
False
Is 139125089359 composite?
True
Is 5021386999 prime?
True
Is 41456345443 composite?
True
Is 5168292361 a prime number?
True
Is 4747723151 prime?
True
Is 17521532101 prime?
True
Is 360112559 prime?
False
Is 1321451297 prime?
False
Is 1666935617 prime?
True
Is 3442998038 prime?
False
Is 242009827 composite?
False
Is 2643126641 composite?
False
Is 16108295509 a composite number?
False
Is 918468173 composite?
True
Is 27948747347 a composite number?
False
Is 20829821 a prime number?
True
Is 3724240229 prime?
False
Is 27711757 a prime number?
False
Is 5432407 prime?
True
Is 4801800139 a prime number?
False
Is 6413804143 a composite number?
False
Is 3097614901 a prime number?
True
Is 6430808138 prime?
False
Is 50524123231 composite?
True
Is 648367009 composite?
False
Is 40101667169 a prime number?
True
Is 8666546611 composite?
False
Is 11488576543 a prime number?
True
Is 37342240207 a composite number?
False
Is 24076668769 prime?
False
Is 211151333 a composite number?
False
Is 20675068957 composite?
False
Is 16508673827 a composite number?
False
Is 1813693561 prime?
True
Is 36172580243 prime?
False
Is 2735759822 composite?
True
Is 1076301287 a prime number?
False
Is 181513997 prime?
False
Is 12348485801 a prime number?
False
Is 118595000827 a prime number?
False
Is 14899454566 prime?
False
Is 34828846907 composite?
True
Is 4934744171 prime?
False
Is 8438852113 composite?
False
Is 63819974119 composite?
True
Is 221846207887 composite?
False
Is 79233888659 composite?
True
Is 59605801 prime?
True
Is 41294322683 prime?
True
Is 32353379089 a prime number?
True
Is 1205229419 a prime number?
True
Is 13769059 a composite number?
False
Is 249916933879 a prime number?
True
Is 4337114389 prime?
False
Is 39664969 a prime number?
True
Is 35278967 prime?
True
Is 15778685677 composite?
True
Is 6681517477 a prime number?
True
Is 20998904387 composite?
True
Is 89696943587 prime?
False
Is 31626690427 a composite number?
True
Is 701937623 composite?
False
Is 2732808979 prime?
False
Is 243077171 composite?
False
Is 334952659 composite?
False
Is 5036076797 composite?
False
Is 555957287 a prime number?
False
Is 90742505951 prime?
False
Is 13976313313 composite?
False
Is 445345013 prime?
False
Is 4846498799 a prime number?
False
Is 1187661949 composite?
False
Is 29586465827 prime?
False
Is 10608785069 composite?
False
Is 1361264791 a composite number?
False
Is 12190240867 a prime number?
False
Is 904740449 a prime number?
True
Is 207332249 composite?
True
Is 267496237 a composite number?
False
Is 65258238923 prime?
True
Is 27780403879 a composite number?
False
Is 14582201957 a prime number?
True
Is 114377315501 composite?
False
Is 555452299 a composite number?
False
Is 4703474141 a prime number?
True
Is 1445872619 a prime number?
True
Is 4684289833 prime?
True
Is 28001007481 a prime number?
True
Is 568273037 prime?
False
Is 6799829501 a composite number?
False
Is 166504993 prime?
True
Is 50919366299 composite?
False
Is 35569466879 a prime number?
False
Is 78738650261 a prime number?
True
Is 152681371 a prime number?
True
Is 1626285917 a composite number?
False
Is 35845286549 a prime number?
False
Is 5058775067 a composite number?
False
Is 351479445919 prime?
False
Is 43126727 a prime number?
False
Is 1389233687 a composite number?
False
Is 2526464779 a composite number?
False
Is 24191183573 a composite number?
False
Is 100534491539 prime?
True
Is 11454195271 prime?
True
Is 104309061 composite?
True
Is 98350930781 prime?
False
Is 78626021 prime?
False
Is 6854792489 composite?
False
Is 928178287 a composite number?
True
Is 139959857 prime?
False
Is 214764503 a composite number?
False
Is 44279301359 prime?
False
Is 181738746491 a prime number?
True
Is 28949146033 a prime number?
True
Is 5344400707 prime?
True
Is 2003076293 prime?
True
Is 24395877143 prime?
False
Is 1318562533 a composite number?
False
Is 70205851 a prime number?
False
Is 7060272269 composite?
False
Is 715852933 a composite number?
True
Is 7921029971 prime?
True
Is 268521188197 a composite number?
False
Is 487194063 prime?
False
Is 144271207 prime?
True
Is 593777329 prime?
False
Is 5755304279 composite?
False
Is 201430280497 composite?
False
Is 46137479497 prime?
True
Is 6796820747 a prime number?
True
Is 144311533 a prime number?
True
Is 864513541 a composite number?
False
Is 207886593599 prime?
True
Is 18901500193 a composite number?
True
Is 32870606843 a prime number?
False
Is 17882382443 a composite number?
True
Is 2883857521 composite?
False
Is 896974283 prime?
False
Is 16956593 a composite number?
True
Is 5524399201 prime?
False
Is 5458852721 a composite number?
True
Is 324627623 a composite number?
True
Is 39494933011 a composite number?
False
Is 1414729921 a prime number?
False
Is 44429919773 composite?
False
Is 826587043 a prime number?
True
Is 10718472173 composite?
True
Is 4389053153 a composite number?
True
Is 701582227 a prime number?
True
Is 214209551 prime?
True
Is 7755292627 composite?
True
Is 9690079303 a composite number?
True
Is 2073109499 composite?
False
Is 244272519811 prime?
False
Is 18285899641 prime?
True
Is 773215019 a composite number?
False
Is 2673609181 a composite number?
True
Is 72058389047 a prime number?
True
Is 1723869701 a composite number?
True
Is 874249267 a composite number?
False
Is 4259225813 a prime number?
False
Is 414639833 prime?
True
Is 835380047 a composite number?
False
Is 356398093 prime?
True
Is 205462599337 a composite number?
False
Is 3467078403 a prime number?
False
Is 529591057 a prime number?
True
Is 50021285039 comp